0 = -s + 3. Let t(q) = q**2 - 13*q - 8. Let c be t(11). Let a = -8 - c. What is the highest common divisor of v and a?
11
Let x be -2 + -3 - -4 - -57. What is the highest common divisor of 8 and x?
8
Let w be (-2 + 3 + 3)/2. Calculate the greatest common divisor of 2 and w.
2
Suppose -888 = -5*s + 2*s. Suppose -5*i = -3*i - s. Suppose 0 = -3*x + 15, 583 = 5*n - 3*x + i. Calculate the highest common factor of n and 10.
10
Let t = 30 + -27. What is the greatest common factor of t and 4?
1
Let q(t) = 11*t. Let l be q(2). What is the greatest common factor of 11 and l?
11
Let x be (3/4)/(2/56). What is the greatest common factor of x and 210?
21
Let s be 2/(-11) + 136/22. Suppose p - 3*p = -s. Let h be (-2)/p + (-154)/(-6). Calculate the highest common divisor of 100 and h.
25
Suppose -10*v = -9*v - 13. Calculate the highest common divisor of 26 and v.
13
Let l(r) = -16*r - 19. Let x be l(-9). Calculate the highest common factor of 25 and x.
25
Let j = 10 - 0. Let k = -3 - -8. What is the greatest common factor of j and k?
5
Let b = -111 + 139. What is the highest common divisor of 252 and b?
28
Let n(a) = -a + 6. Let y be n(-6). Let b be (-686)/(-12) - (-2)/(-12). Let w = b - 33. Calculate the highest common divisor of y and w.
12
Let r = -126 - -258. What is the greatest common divisor of 12 and r?
12
Let b be (-54 - (-3 + 4))/(-1). What is the highest common factor of 5 and b?
5
Suppose u - 131 - 29 = 0. Let t = u + -83. What is the highest common divisor of 7 and t?
7
Suppose 4*d = 4*a - 20, 11 + 14 = 5*d + 5*a. Suppose t + d*t = 3. Suppose 42 = 5*n - 18. Calculate the greatest common factor of t and n.
3
Suppose x - 4*x + 51 = -5*d, 36 = 4*x + 4*d. Suppose -2*w + 5 = 1. Suppose 5*r = -4*h - 1 - 12, -4*h + 22 = -w*r. What is the highest common factor of x and h?
3
Let u(m) = 241*m**3 - m**2 + 4*m - 2. Let t be u(1). What is the greatest common factor of 22 and t?
22
Let v = 27 - 15. Suppose 3*p = -0*p - r + 18, -v = -2*p - 2*r. What is the greatest common divisor of p and 9?
3
Suppose 5*m + 3*c - 13 = m, 50 = 5*m - 3*c. What is the greatest common factor of m and 7?
7
Let k = -37 - -66. What is the highest common divisor of k and 319?
29
Suppose 4*a + 2*d - 109 = 515, 0 = -3*a - 4*d + 468. What is the highest common factor of 12 and a?
12
Let x(d) = -6*d - 3*d + d**2 - 5*d + 18. Let a(c) = -1. Let m(k) = -3*a(k) - x(k). Let g be m(12). Calculate the highest common factor of g and 1.
1
Let f be -1*(29 + -2)*5/(-15). Calculate the greatest common divisor of f and 1.
1
Let q(o) = o**2 - o + 20. Let m be q(0). Let n = 34 - m. Calculate the highest common factor of n and 2.
2
Suppose 4 = z - 3*w, w + 76 = 4*z + z. What is the greatest common factor of z and 1?
1
Let i = 282 + -117. Calculate the greatest common divisor of 15 and i.
15
Suppose -6*y + 2*y + 108 = 0. Suppose 5*p = r + r + 10, 4*r - 24 = -p. Suppose -2 = -2*q + p. What is the greatest common factor of q and y?
3
Suppose 62 = 2*z - 28. Suppose i + i = -120. Let g be (i/(-14))/(4/28). What is the highest common factor of g and z?
15
Suppose n = -5*y + 251, 90 - 600 = -2*n - 2*y. What is the highest common divisor of 16 and n?
16
Suppose 0 = w + w - 14. Suppose 0 = -q - q + 84. Suppose t - 4*t = -q. What is the greatest common factor of t and w?
7
Let z(i) = -7*i + 1. Let b be z(-4). What is the greatest common divisor of 232 and b?
29
Suppose 3*a = 5 + 4. Let y = 5 - a. Suppose -7*z + y*z = -225. Calculate the greatest common factor of 9 and z.
9
Let z(q) = 4*q + 8. Let u be z(6). Suppose -j + u = j. Calculate the highest common factor of 48 and j.
16
Suppose -5*w + 4*j = -w, w - 2*j + 4 = 0. Calculate the highest common divisor of w and 28.
4
Let z = 23 - 6. Suppose 4*x = o + 4, -5*o = -4*x - z - 27. Calculate the highest common divisor of o and 60.
12
Let h(p) = -2*p - 1. Let v be h(-8). Let y be v - ((2 - 1) + -1). What is the highest common factor of y and 165?
15
Let y(b) = 17 + 0*b**2 - 174*b + b**2 + 159*b. Let p be y(15). What is the highest common factor of p and 17?
17
Suppose 5*n + 0*n = 50. Let t be 5/(n/(-4))*-10. Calculate the greatest common divisor of 40 and t.
20
Suppose 3*y = 5*a - 100, 0 = -0*a + 3*a + 4*y - 31. Let j = 35 - -33. What is the greatest common divisor of a and j?
17
Let n(u) = 24*u**2 + 2. Let m be n(-2). What is the highest common divisor of m and 14?
14
Let m be 2 - 2 - (-3 - 0). Suppose -2*c - 2*c + 64 = -4*i, 5*c - 88 = -m*i. Let o = c + -7. Calculate the highest common factor of o and 2.
2
Suppose -z - 26 = -5*s, 5*s = -4*z + 3*s - 16. Let f be (z/(-5))/((-21)/(-350)). Calculate the highest common factor of 30 and f.
10
Suppose 4 = 3*u - 0*r - 4*r, -2 = -2*u + 2*r. Let d be (u + 32)*7/14. What is the highest common factor of 80 and d?
16
Suppose -9 = -2*h + 13. Suppose 0 = -4*b + 1 + h. Suppose -s + 6*w - 4*w + 6 = 0, 0 = s - 3*w - 6. Calculate the greatest common factor of b and s.
3
Let c = -10 - -21. What is the greatest common factor of c and 77?
11
Suppose 3*u = -u + 4*j + 68, -3*u - 5*j = -75. Suppose 6*n - 2 - 28 = 0. Calculate the highest common divisor of u and n.
5
Let o(w) = w**3 + 2*w**2 - 13*w - 5. Let l be o(-5). Let q be (1 + 399/l)*-5. Calculate the greatest common factor of q and 16.
16
Suppose -3*q = -2*q - 4. Suppose 3*u = q*g + 475, -u - 4*u + 830 = g. What is the greatest common factor of 15 and u?
15
Let r(h) = h**3 + 19*h**2 + 19*h + 22. Let d be r(-18). Calculate the greatest common factor of d and 28.
4
Suppose 3*u + 2*c = 141, -2*u + 5*u - 3*c = 156. What is the highest common divisor of 7 and u?
7
Let n be (-4)/6*2*-6. Let i = 13 + -5. Let v = i - 6. What is the greatest common factor of n and v?
2
Let j be -1 + -62*(5 + -2)/(-6). Calculate the highest common factor of 120 and j.
30
Let h = 1 + 3. Suppose -h*u + 0*u = -88. Suppose -i = -3*x - 24, 4*i + 5*x = 3*i + 48. What is the greatest common divisor of i and u?
11
Let f be -4 - -20 - (-4 + 2)*2. Let o = 27 - -13. What is the greatest common factor of f and o?
20
Let s = 2 - 0. Suppose 3*u + 4*z - 14 = 0, 0 = -u - s*z + 6*z - 6. Let d(t) = t. Let n be d(2). Calculate the greatest common factor of u and n.
2
Suppose -3*j = 4*n - 48, n - 64 = -4*j + 3*n. Let h(u) = 3*u**2 - 3*u + 2. Let o be h(2). What is the greatest common divisor of j and o?
8
Let t = -32 + 70. Let z be -1*(-1)/(2/t). Calculate the highest common divisor of z and 209.
19
Let s be (-4)/(-3)*6/4. Suppose 10*n - s*b - 92 = 5*n, -5*n - 5*b + 120 = 0. Calculate the highest common factor of n and 100.
20
Suppose 5*y + 323 = 4*y - 2*a, -4 = 4*a. Let h = y + 657. Suppose 6*z - h = 2*z. What is the highest common divisor of z and 12?
12
Suppose i - 15 = -2*p, 0 = -4*i + 2*i - 10. What is the greatest common divisor of p and 15?
5
Suppose 0 = 8*o - 52 - 20. Calculate the greatest common divisor of o and 36.
9
Let g(r) = 9*r**2 - 2*r. Let s be g(4). Calculate the greatest common divisor of s and 17.
17
Suppose 23 = -2*w - 11. Let x = w - -23. Calculate the greatest common factor of x and 3.
3
Let n(y) = 10*y**2 + y + 1. Let o be n(-3). Let s(r) = r**2 - 204 + 2*r + 199 - 2*r. Let u be s(4). What is the greatest common divisor of o and u?
11
Let p(i) = i + 23. Let t be p(12). Calculate the highest common divisor of 7 and t.
7
Let t = 11 + -9. Suppose -97 = -4*f + l, 0 = 4*f + t*l - 33 - 61. Let v be 4/14 - (-164)/14. Calculate the greatest common factor of v and f.
12
Let p(z) = z**2 + 8*z + 2. Suppose -4*o + 7*o = -24. Let l be p(o). Calculate the greatest common factor of 4 and l.
2
Suppose -2*o + 3*o = 5. Suppose -2*i = o*j - 25, -2*j + 11 = 2*i - i. What is the highest common factor of i and 45?
5
Let r be 1*(5 + 2/(-2)). What is the greatest common factor of 20 and r?
4
Let k(n) = n**2 + 8*n - 8. Let u be k(8). Calculate the highest common divisor of 48 and u.
24
Let c(z) = 3*z + 0*z - 16 + 2*z + 4. Let t be c(6). Calculate the greatest common divisor of 27 and t.
9
Suppose 2*w - 96 = h, -128 = -3*w - 3*h + 25. Calculate the highest common divisor of 7 and w.
7
Let u = 6 + 5. Let j(o) be the first derivative of 4*o**3/3 - 3*o**2 + 7*o - 3. Let w be j(5). Calculate the highest common factor of u and w.
11
Let b(h) = -2*h - 7. Let z be b(-5). Suppose 2*t = -4*t + 126. Calculate the highest common divisor of